 of 4721067 and 52.
13
What is the greatest common divisor of 1433598 and 527742?
2022
Calculate the highest common divisor of 125519616 and 1024.
256
What is the highest common factor of 60257 and 9?
1
Calculate the greatest common divisor of 60312 and 97748.
28
Calculate the highest common factor of 96737856 and 95232.
5952
Calculate the highest common factor of 122040 and 122160.
120
What is the highest common divisor of 216 and 4172364?
108
What is the highest common factor of 739 and 141729854?
739
Calculate the greatest common divisor of 904615 and 730505.
3785
What is the greatest common divisor of 182 and 18748457?
91
Calculate the greatest common factor of 19951 and 42955.
71
What is the greatest common factor of 460558 and 70704?
982
Calculate the greatest common factor of 1800365 and 275.
5
What is the highest common factor of 11 and 197789317?
11
What is the highest common factor of 260 and 79634360?
260
What is the greatest common factor of 7 and 511763357?
7
What is the greatest common divisor of 921 and 1805160?
921
Calculate the greatest common factor of 1270577036 and 21948.
7316
Calculate the greatest common factor of 27264954 and 97.
97
What is the greatest common factor of 2954137 and 4?
1
Calculate the greatest common factor of 173257100 and 25.
25
Calculate the highest common factor of 604126 and 276.
2
What is the highest common factor of 12852 and 15241758?
714
Calculate the highest common factor of 269557 and 11449990.
2473
What is the highest common divisor of 20698 and 347674?
262
Calculate the greatest common factor of 48608 and 36615712.
6944
Calculate the highest common divisor of 21663288 and 41208.
2424
Calculate the greatest common divisor of 17160 and 2465710.
130
What is the greatest common factor of 178200858 and 264?
66
What is the highest common factor of 864448 and 95212?
52
Calculate the highest common divisor of 853 and 1215362077.
853
Calculate the highest common factor of 2274663920 and 6035.
6035
What is the highest common divisor of 350116 and 403?
13
What is the greatest common factor of 589488 and 7904?
16
Calculate the greatest common factor of 738497608 and 16.
8
What is the highest common divisor of 472 and 55000?
8
What is the highest common divisor of 1865162 and 498134?
598
What is the greatest common factor of 59717340 and 3?
3
What is the highest common divisor of 41832205 and 209?
19
Calculate the greatest common factor of 192860736 and 48.
48
What is the greatest common divisor of 4292 and 1366741?
29
What is the greatest common factor of 6098268 and 588?
12
Calculate the highest common factor of 7035 and 686541429.
1407
What is the highest common divisor of 2977450 and 20398?
658
What is the greatest common factor of 8 and 438974?
2
Calculate the highest common factor of 5861903 and 1347069.
6151
Calculate the greatest common factor of 6199701 and 5935.
1187
Calculate the greatest common divisor of 12946009 and 2773.
47
What is the greatest common factor of 107631 and 15993?
9
What is the greatest common factor of 293205712 and 45626?
6518
What is the highest common factor of 70 and 666389080?
70
What is the greatest common factor of 1219 and 8185171?
23
What is the greatest common divisor of 1414 and 241682?
14
What is the highest common divisor of 499008 and 19622450?
5198
Calculate the greatest common divisor of 8064000 and 3330.
90
Calculate the highest common divisor of 154640 and 22240.
80
What is the highest common factor of 4475922 and 3762?
66
Calculate the highest common factor of 169238 and 55019.
37
What is the highest common divisor of 574 and 304835?
41
Calculate the highest common factor of 695348723 and 89.
89
What is the highest common factor of 17643724 and 196?
196
What is the greatest common divisor of 196080 and 57480?
120
Calculate the greatest common divisor of 297025 and 1175.
25
What is the greatest common divisor of 47642077 and 133?
7
What is the highest common divisor of 3712 and 11246432?
928
Calculate the highest common divisor of 3165 and 1942935.
15
What is the greatest common divisor of 181176 and 15888?
24
What is the highest common factor of 15169995 and 4140?
1035
Calculate the greatest common factor of 888895925 and 21225.
7075
Calculate the greatest common factor of 561 and 41048727.
51
What is the highest common factor of 869374 and 8342?
86
Calculate the highest common divisor of 1084 and 14713403.
271
Calculate the greatest common factor of 154 and 2526326.
22
What is the greatest common factor of 47816 and 2156168?
1112
What is the greatest common divisor of 3882537 and 1205343?
6057
What is the highest common factor of 1390328 and 86360?
136
Calculate the greatest common divisor of 349875 and 5745.
15
Calculate the highest common divisor of 1719912 and 1032.
24
Calculate the highest common factor of 12699820 and 3430.
490
What is the greatest common factor of 119565480 and 684?
228
Calculate the greatest common factor of 111 and 562819839.
111
Calculate the highest common factor of 4309970 and 14950.
230
Calculate the highest common divisor of 7809 and 2784108.
57
Calculate the greatest common divisor of 411429002 and 34.
34
Calculate the highest common factor of 86 and 71872049.
43
What is the highest common divisor of 10 and 620308630?
10
What is the highest common divisor of 1169976 and 986?
58
What is the greatest common factor of 84475665 and 50715?
1035
Calculate the highest common factor of 21900 and 491655.
1095
What is the greatest common divisor of 22330 and 106050?
70
What is the greatest common factor of 8930 and 22724?
38
What is the greatest common divisor of 724 and 89324948?
724
What is the greatest common divisor of 3930 and 42352824?
786
Calculate the greatest common divisor of 357245 and 4012.
59
What is the highest common divisor of 84931774 and 7230?
482
Calculate the greatest common divisor of 16549 and 67282137.
871
Calculate the highest common divisor of 317 and 11753726.
317
Calculate the highest common divisor of 25316343 and 234.
117
What is the highest common divisor of 90144960 and 1040?
80
Calculate the greatest common divisor of 3297 and 529578.
21
Calculate the highest common factor of 2834416 and 88.
8
Calculate the greatest common factor of 54 and 105654546.
18
What is the greatest common divisor of 330588 and 85536?
108
Calculate the greatest common factor of 966192 and 22.
2
Calculate the greatest common factor of 1602040 and 622611.
3641
Calculate the highest common divisor of 255264260 and 1220.
1220
Calculate the highest common factor of 28069732 and 109320.
3644
Calculate the highest common factor of 10219519 and 13035.
79
Calculate the greatest common divisor of 237 and 2189485.
79
What is the highest common divisor of 6776 and 3432968?
616
What is the highest common factor of 1184050226 and 94?
94
What is the greatest common factor of 28326954 and 50466?
3882
What is the highest common divisor of 549 and 963207?
9
What is the highest common factor of 900 and 8297600?
100
What is the greatest common factor of 3019588 and 82654?
286
Calculate the greatest common divisor of 123 and 32405129.
41
Calculate the highest common factor of 8 and 112786450.
2
Calculate the highest common factor of 2748 and 2051186892.
2748
What is the greatest common divisor of 1862 and 3847823?
931
What is the greatest common divisor of 96 and 204465648?
48
What is the greatest common factor of 990 and 482274?
18
Calculate the greatest common factor of 41804 and 2326716.
28
What is the highest common factor of 238779148 and 5864?
2932
Calculate the highest common divisor of 523730876 and 932.
932
Calculate the highest common divisor of 326130 and 144095.
35
Calculate the greatest common factor of 784 and 17021032.
392
What is the highest common factor of 92968 and 12?
4
What is the highest common divisor of 56675 and 40600?
25
Calculate the greatest common divisor of 11960 and 25520248.
2392
What is the highest common factor of 64624 and 24582508?
2308
What is the greatest common factor of 28966875 and 135?
15
Calculate the greatest common factor of 11888 and 19493348.
2972
Calculate the greatest common factor of 11152 and 190264.
136
What is the highest common factor of 7676270 and 280?
70
What is the greatest common diviso